{"id":14,"date":"2025-07-02T18:36:56","date_gmt":"2025-07-02T18:36:56","guid":{"rendered":"http:\/\/d-emhl.nathorst.net\/?page_id=14"},"modified":"2025-07-13T06:25:08","modified_gmt":"2025-07-13T06:25:08","slug":"home","status":"publish","type":"page","link":"https:\/\/d-emhl.nathorst.net\/","title":{"rendered":"Home"},"content":{"rendered":"\n<div class=\"wp-block-uagb-container uagb-block-2e6815e2 alignfull uagb-is-root-container\">\n<div class=\"wp-block-uagb-container uagb-layout-flex uagb-block-f4c2641a\"><\/div>\n\n\n\n<div class=\"wp-block-uagb-container uagb-block-00885965\"><\/div>\n\n\n\n<div class=\"wp-block-uagb-container uagb-block-43649a58\"><\/div>\n<\/div>\n\n\n\n<div class=\"wp-block-uagb-container uagb-block-a13ab637 alignfull uagb-is-root-container\"><div class=\"uagb-container-inner-blocks-wrap\">\n<h1 class=\"wp-block-heading has-text-align-center\" style=\"margin-top:0;margin-right:0;margin-bottom:0;margin-left:0;padding-top:0;padding-right:0;padding-bottom:0;padding-left:0;font-size:64px\">Welcome!<\/h1>\n<\/div><\/div>\n\n\n\n<div class=\"wp-block-uagb-container uagb-block-c0839b7f alignfull uagb-is-root-container\">\t\t\t\t\t<div\n\t\t\t\t\t\tclass=\"wp-block-uagb-image-gallery uagb-block-4dc5c232     \"\n\t\t\t\t\t\tstyle=\"\"\n\t\t\t\t\t>\n\t\t\t\t\t\t\t\t\t\t\t<div class=\"spectra-image-gallery spectra-image-gallery__layout--carousel\">\n\t\t\t\t\t\t\t\t<div class=\"uagb-slick-carousel uagb-block-4dc5c232\">\n\t\t\t\t\t\t\t\t\t\t\t\t<div class='spectra-image-gallery__media-wrapper' data-spectra-gallery-image-id='55'>\n\t\t\t\t\t\t\t<div class=\"spectra-image-gallery__media spectra-image-gallery__media--carousel\">\n\t\t\t\t<picture>\n\t\t\t\t\t<source media=\"(min-width: 1024px)\" srcset=\"https:\/\/d-emhl.nathorst.net\/wp-content\/uploads\/2025\/07\/4-1024x576.jpg\">\n\t\t\t\t\t<source media=\"(min-width: 768px)\" srcset=\"https:\/\/d-emhl.nathorst.net\/wp-content\/uploads\/2025\/07\/4-1024x576.jpg\">\n\t\t\t\t\t<img decoding=\"async\" class=\"spectra-image-gallery__media-thumbnail spectra-image-gallery__media-thumbnail--carousel\" src=\"https:\/\/d-emhl.nathorst.net\/wp-content\/uploads\/2025\/07\/4-300x169.jpg\" alt=\"\" loading=\"lazy\" \/>\n\t\t\t\t<\/picture>\n\t\t\t\t<div class=\"spectra-image-gallery__media-thumbnail-blurrer\"><\/div>\n\t\t\t\t\t\t\t\t\t\t\t<div class=\"spectra-image-gallery__media-thumbnail-caption-wrapper spectra-image-gallery__media-thumbnail-caption-wrapper--overlay\">\n\t\t\t\t\t\t\t\t\t\t\t<div class=\"spectra-image-gallery__media-thumbnail-caption spectra-image-gallery__media-thumbnail-caption--overlay\">\n\t\t\t\t\tNo Caption\t\t\t\t<\/div>\n\t\t\t\t\t\t\t\t\t\t<\/div>\n\t\t\t\t\t\t\t\t\t<\/div>\n\t\t\t\t\t\t<\/div>\n\t\t\t\t\t\t<div class='spectra-image-gallery__media-wrapper' data-spectra-gallery-image-id='54'>\n\t\t\t\t\t\t\t<div class=\"spectra-image-gallery__media spectra-image-gallery__media--carousel\">\n\t\t\t\t<picture>\n\t\t\t\t\t<source media=\"(min-width: 1024px)\" srcset=\"https:\/\/d-emhl.nathorst.net\/wp-content\/uploads\/2025\/07\/3-1024x576.jpg\">\n\t\t\t\t\t<source media=\"(min-width: 768px)\" srcset=\"https:\/\/d-emhl.nathorst.net\/wp-content\/uploads\/2025\/07\/3-1024x576.jpg\">\n\t\t\t\t\t<img decoding=\"async\" class=\"spectra-image-gallery__media-thumbnail spectra-image-gallery__media-thumbnail--carousel\" src=\"https:\/\/d-emhl.nathorst.net\/wp-content\/uploads\/2025\/07\/3-300x169.jpg\" alt=\"\" loading=\"lazy\" \/>\n\t\t\t\t<\/picture>\n\t\t\t\t<div class=\"spectra-image-gallery__media-thumbnail-blurrer\"><\/div>\n\t\t\t\t\t\t\t\t\t\t\t<div class=\"spectra-image-gallery__media-thumbnail-caption-wrapper spectra-image-gallery__media-thumbnail-caption-wrapper--overlay\">\n\t\t\t\t\t\t\t\t\t\t\t<div class=\"spectra-image-gallery__media-thumbnail-caption spectra-image-gallery__media-thumbnail-caption--overlay\">\n\t\t\t\t\tNo Caption\t\t\t\t<\/div>\n\t\t\t\t\t\t\t\t\t\t<\/div>\n\t\t\t\t\t\t\t\t\t<\/div>\n\t\t\t\t\t\t<\/div>\n\t\t\t\t\t\t<div class='spectra-image-gallery__media-wrapper' data-spectra-gallery-image-id='53'>\n\t\t\t\t\t\t\t<div class=\"spectra-image-gallery__media spectra-image-gallery__media--carousel\">\n\t\t\t\t<picture>\n\t\t\t\t\t<source media=\"(min-width: 1024px)\" srcset=\"https:\/\/d-emhl.nathorst.net\/wp-content\/uploads\/2025\/07\/2-1024x576.jpg\">\n\t\t\t\t\t<source media=\"(min-width: 768px)\" srcset=\"https:\/\/d-emhl.nathorst.net\/wp-content\/uploads\/2025\/07\/2-1024x576.jpg\">\n\t\t\t\t\t<img decoding=\"async\" class=\"spectra-image-gallery__media-thumbnail spectra-image-gallery__media-thumbnail--carousel\" src=\"https:\/\/d-emhl.nathorst.net\/wp-content\/uploads\/2025\/07\/2-300x169.jpg\" alt=\"\" loading=\"lazy\" \/>\n\t\t\t\t<\/picture>\n\t\t\t\t<div class=\"spectra-image-gallery__media-thumbnail-blurrer\"><\/div>\n\t\t\t\t\t\t\t\t\t\t\t<div class=\"spectra-image-gallery__media-thumbnail-caption-wrapper spectra-image-gallery__media-thumbnail-caption-wrapper--overlay\">\n\t\t\t\t\t\t\t\t\t\t\t<div class=\"spectra-image-gallery__media-thumbnail-caption spectra-image-gallery__media-thumbnail-caption--overlay\">\n\t\t\t\t\tNo Caption\t\t\t\t<\/div>\n\t\t\t\t\t\t\t\t\t\t<\/div>\n\t\t\t\t\t\t\t\t\t<\/div>\n\t\t\t\t\t\t<\/div>\n\t\t\t\t\t\t<div class='spectra-image-gallery__media-wrapper' data-spectra-gallery-image-id='52'>\n\t\t\t\t\t\t\t<div class=\"spectra-image-gallery__media spectra-image-gallery__media--carousel\">\n\t\t\t\t<picture>\n\t\t\t\t\t<source media=\"(min-width: 1024px)\" srcset=\"https:\/\/d-emhl.nathorst.net\/wp-content\/uploads\/2025\/07\/1-1024x576.jpg\">\n\t\t\t\t\t<source media=\"(min-width: 768px)\" srcset=\"https:\/\/d-emhl.nathorst.net\/wp-content\/uploads\/2025\/07\/1-1024x576.jpg\">\n\t\t\t\t\t<img decoding=\"async\" class=\"spectra-image-gallery__media-thumbnail spectra-image-gallery__media-thumbnail--carousel\" src=\"https:\/\/d-emhl.nathorst.net\/wp-content\/uploads\/2025\/07\/1-300x169.jpg\" alt=\"\" loading=\"lazy\" \/>\n\t\t\t\t<\/picture>\n\t\t\t\t<div class=\"spectra-image-gallery__media-thumbnail-blurrer\"><\/div>\n\t\t\t\t\t\t\t\t\t\t\t<div class=\"spectra-image-gallery__media-thumbnail-caption-wrapper spectra-image-gallery__media-thumbnail-caption-wrapper--overlay\">\n\t\t\t\t\t\t\t\t\t\t\t<div class=\"spectra-image-gallery__media-thumbnail-caption spectra-image-gallery__media-thumbnail-caption--overlay\">\n\t\t\t\t\tNo Caption\t\t\t\t<\/div>\n\t\t\t\t\t\t\t\t\t\t<\/div>\n\t\t\t\t\t\t\t\t\t<\/div>\n\t\t\t\t\t\t<\/div>\n\t\t\t\t\t\t<div class='spectra-image-gallery__media-wrapper' data-spectra-gallery-image-id='239'>\n\t\t\t\t\t\t\t<div class=\"spectra-image-gallery__media spectra-image-gallery__media--carousel\">\n\t\t\t\t<picture>\n\t\t\t\t\t<source media=\"(min-width: 1024px)\" srcset=\"https:\/\/d-emhl.nathorst.net\/wp-content\/uploads\/2025\/07\/5.jpg\">\n\t\t\t\t\t<source media=\"(min-width: 768px)\" srcset=\"https:\/\/d-emhl.nathorst.net\/wp-content\/uploads\/2025\/07\/5.jpg\">\n\t\t\t\t\t<img decoding=\"async\" class=\"spectra-image-gallery__media-thumbnail spectra-image-gallery__media-thumbnail--carousel\" src=\"https:\/\/d-emhl.nathorst.net\/wp-content\/uploads\/2025\/07\/5-300x169.jpg\" alt=\"\" loading=\"lazy\" \/>\n\t\t\t\t<\/picture>\n\t\t\t\t<div class=\"spectra-image-gallery__media-thumbnail-blurrer\"><\/div>\n\t\t\t\t\t\t\t\t\t\t\t<div class=\"spectra-image-gallery__media-thumbnail-caption-wrapper spectra-image-gallery__media-thumbnail-caption-wrapper--overlay\">\n\t\t\t\t\t\t\t\t\t\t\t<div class=\"spectra-image-gallery__media-thumbnail-caption spectra-image-gallery__media-thumbnail-caption--overlay\">\n\t\t\t\t\tNo Caption\t\t\t\t<\/div>\n\t\t\t\t\t\t\t\t\t\t<\/div>\n\t\t\t\t\t\t\t\t\t<\/div>\n\t\t\t\t\t\t<\/div>\n\t\t\t\t\t\t\t\t\t\t\t<\/div>\n\t\t\t\t\t\t\t<\/div>\n\t\t\t\t\t\t\t\t\t\t\t<\/div>\n\t\t\t\t\t\t\t\t\t<\/div>\n\n\n\n<div class=\"wp-block-uagb-container uagb-block-1f409fa6 alignfull uagb-is-root-container\">\n<div class=\"wp-block-uagb-container uagb-block-59120f61\">\n<figure class=\"wp-block-image size-large\"><img loading=\"lazy\" decoding=\"async\" width=\"768\" height=\"1024\" src=\"https:\/\/d-emhl.nathorst.net\/wp-content\/uploads\/2025\/07\/Front-768x1024.jpg\" alt=\"\" class=\"wp-image-68\" srcset=\"https:\/\/d-emhl.nathorst.net\/wp-content\/uploads\/2025\/07\/Front-768x1024.jpg 768w, https:\/\/d-emhl.nathorst.net\/wp-content\/uploads\/2025\/07\/Front-225x300.jpg 225w, https:\/\/d-emhl.nathorst.net\/wp-content\/uploads\/2025\/07\/Front.jpg 960w\" sizes=\"auto, (max-width: 768px) 100vw, 768px\" \/><\/figure>\n<\/div>\n\n\n\n<div class=\"wp-block-uagb-container uagb-block-15d7f7d6\">\n<div class=\"wp-block-uagb-advanced-heading uagb-block-f4cb79de\"><h2 class=\"uagb-heading-text\">About the aircraft<\/h2><\/div>\n\n\n\n<p style=\"padding-top:0;padding-bottom:0\">D-EMHL is a Rockwell Commander 114 built in 1977 with airframe number 78413386 and engine number 14151. This aircraft has been registered in Germany since new and has always been hangared. The aircraft went through a major renovation in 2023, now featuring a complete glass cockpit and new seats.<br><br>The Commander 114 represents one of general aviation&#8217;s most distinctive designs from the 1970s. What sets the 114 apart is its exceptionally spacious cabin, measuring 47 inches wide and 49 inches high \u2013 the most spacious cabin of any aircraft design of its era. The aircraft features the uncommon luxury of full-sized doors on both sides.<br><br>The Commander&#8217;s distinctive appearance is immediately recognizable by its wings with unusually large dihedral, positioning the wing tips much higher than the wing roots. The aircraft incorporates trailing-link main landing gear for softer landings, making it particularly forgiving. The cruciform tail is positioned high enough to be out of the propwash, giving the Commander some handling characteristics similar to jets.<br><br>The 114 is capable of cruising speeds up to 165 knots at 75% power and flies for up to five hours and above in some circumstances without refueling, making it an excellent travel machine. With some care it can also be landed on grass.<br><br>The avionics in D-EMHL \u2013 with a Garmin GTN 750Xi and G500 TXi as the centerpieces \u2013 makes it compatible with all European approaches, down to RNAV 1. When you climb inside and pull the doors shut, you experience a luxury car-like feel rather than the typical light airplane experience, with excellent headroom and unsurpassed views through expansive windows.<\/p>\n<\/div>\n<\/div>\n\n\n\n<div class=\"wp-block-uagb-container uagb-block-9587b321 alignfull uagb-is-root-container\">\n<div class=\"wp-block-uagb-container uagb-block-8f6ee3d1\">\n<h2 class=\"wp-block-heading has-ast-global-color-4-color has-text-color has-link-color wp-elements-e6b661257a4acf468b7fbf81e939628a\"><strong>Booking and flying D-EMHL<\/strong><\/h2>\n\n\n\n<p class=\"has-ast-global-color-4-color has-text-color has-link-color wp-elements-27bcbca70c9bb3c2ff71e8a9c152fc78\">To fly D-EMHL you need to have 200 hours of flying time and at least 12 hours in the last twelve months.<br><br>You need go through a checkout process. This is described in detail <strong><a href=\"https:\/\/d-emhl.nathorst.net\/?page_id=11\" data-type=\"page\" data-id=\"11\">here<\/a><\/strong>.<br><br>After you\u2019ve been checked out on the aircraft, you can book it, assuming you\u2019re a member of <strong>Tekniska H\u00f6gskolans Flygklubb<\/strong>, THF. The terms are the same as for other THF aircraft. Booking is done in <strong>MyWeblog<\/strong>.<\/p>\n<\/div>\n\n\n\n<div class=\"wp-block-uagb-container uagb-block-81bb2cfa\">\n<figure class=\"wp-block-image size-large\"><img loading=\"lazy\" decoding=\"async\" width=\"1024\" height=\"1024\" src=\"https:\/\/d-emhl.nathorst.net\/wp-content\/uploads\/2025\/07\/Keys-1024x1024.jpg\" alt=\"\" class=\"wp-image-71\" srcset=\"https:\/\/d-emhl.nathorst.net\/wp-content\/uploads\/2025\/07\/Keys-1024x1024.jpg 1024w, https:\/\/d-emhl.nathorst.net\/wp-content\/uploads\/2025\/07\/Keys-300x300.jpg 300w, https:\/\/d-emhl.nathorst.net\/wp-content\/uploads\/2025\/07\/Keys-150x150.jpg 150w, https:\/\/d-emhl.nathorst.net\/wp-content\/uploads\/2025\/07\/Keys-768x768.jpg 768w, https:\/\/d-emhl.nathorst.net\/wp-content\/uploads\/2025\/07\/Keys.jpg 1280w\" sizes=\"auto, (max-width: 1024px) 100vw, 1024px\" \/><\/figure>\n<\/div>\n<\/div>\n\n\n\n<div class=\"wp-block-uagb-container uagb-block-42570281 alignfull uagb-is-root-container\">\n<div class=\"wp-block-uagb-container uagb-block-6cb40e42\">\n<figure class=\"wp-block-image size-large\"><img loading=\"lazy\" decoding=\"async\" width=\"1024\" height=\"576\" src=\"https:\/\/d-emhl.nathorst.net\/wp-content\/uploads\/2025\/07\/Owners-1024x576.jpg\" alt=\"\" class=\"wp-image-72\" srcset=\"https:\/\/d-emhl.nathorst.net\/wp-content\/uploads\/2025\/07\/Owners-1024x576.jpg 1024w, https:\/\/d-emhl.nathorst.net\/wp-content\/uploads\/2025\/07\/Owners-300x169.jpg 300w, https:\/\/d-emhl.nathorst.net\/wp-content\/uploads\/2025\/07\/Owners-768x432.jpg 768w, https:\/\/d-emhl.nathorst.net\/wp-content\/uploads\/2025\/07\/Owners.jpg 1182w\" sizes=\"auto, (max-width: 1024px) 100vw, 1024px\" \/><\/figure>\n<\/div>\n\n\n\n<div class=\"wp-block-uagb-container uagb-block-5b5f0a77\">\n<h2 class=\"wp-block-heading\"><strong>The owners<\/strong><\/h2>\n\n\n\n<p>The team who owns and manages the aircraft are Anders Forsberg (missing from the photo ), Benjamin Ribalta Stanford, Ernst Nathorst-B\u00f6\u00f6s, Magnus \u00c5berg and Ramin Shariati. Ramin is also flight operations manager (flygchef) och DTO manager at&nbsp; THF.<\/p>\n<\/div>\n<\/div>\n\n\n\n<div class=\"wp-block-uagb-container uagb-block-fef9edee alignfull uagb-is-root-container\">\n<div class=\"wp-block-uagb-container uagb-block-a5f17d47\">\n<h2 class=\"wp-block-heading has-ast-global-color-4-color has-text-color has-link-color wp-elements-f44ad0e23649c38e2fee3b6f9d127030\"><strong>Our home base<\/strong><\/h2>\n\n\n\n<h3 class=\"wp-block-heading has-white-color has-text-color has-link-color wp-elements-dfa1cd3d543a6f87f8e99041900c8997\"><strong>Sk\u00e5-Edeby Airfield<\/strong><\/h3>\n\n\n\n<p class=\"has-ast-global-color-4-color has-text-color has-link-color wp-elements-de0ab1df14d8e00e6d8a48da8a6c2195\">D-EMHL is based at beautifully situated Sk\u00e5-Edeby Airfield, just outside Stockholm. They have <a href=\"https:\/\/www.skaedebyflygfalt.se\/\" data-type=\"link\" data-id=\"https:\/\/www.skaedebyflygfalt.se\/\">their own website<\/a>.<mark style=\"background-color:#fcb900\" class=\"has-inline-color\"><\/mark><\/p>\n\n\n\n<h3 class=\"wp-block-heading has-white-color has-text-color has-link-color wp-elements-5a14e9bb855cb0a508cb1858b7d3c9a7\"><strong>Tekniska H\u00f6gskolans Flyg<\/strong>klubb<\/h3>\n\n\n\n<p class=\"has-ast-global-color-4-color has-text-color has-link-color wp-elements-e19053854d70aed314fd7810ff166cc1\">Our aircraft is part of the amazing THF club and community. You can read more about THF <strong><a href=\"https:\/\/thf-flyg.se\/\" data-type=\"link\" data-id=\"https:\/\/thf-flyg.se\/\">here<\/a><\/strong>.&nbsp;<\/p>\n<\/div>\n\n\n\n<div class=\"wp-block-uagb-container uagb-block-8df24d43\">\n<figure class=\"wp-block-image size-large\"><img loading=\"lazy\" decoding=\"async\" width=\"1024\" height=\"576\" src=\"https:\/\/d-emhl.nathorst.net\/wp-content\/uploads\/2025\/07\/Ska-edeby-1024x576.jpg\" alt=\"\" class=\"wp-image-73\" srcset=\"https:\/\/d-emhl.nathorst.net\/wp-content\/uploads\/2025\/07\/Ska-edeby-1024x576.jpg 1024w, https:\/\/d-emhl.nathorst.net\/wp-content\/uploads\/2025\/07\/Ska-edeby-300x169.jpg 300w, https:\/\/d-emhl.nathorst.net\/wp-content\/uploads\/2025\/07\/Ska-edeby-768x432.jpg 768w, https:\/\/d-emhl.nathorst.net\/wp-content\/uploads\/2025\/07\/Ska-edeby.jpg 1280w\" sizes=\"auto, (max-width: 1024px) 100vw, 1024px\" \/><\/figure>\n<\/div>\n<\/div>\n\n\n\n<p><\/p>\n","protected":false},"excerpt":{"rendered":"<p>Welcome! About the aircraft D-EMHL is a Rockwell Commander 114 built in 1977 with airframe number 78413386 and engine number [&hellip;]<\/p>\n","protected":false},"author":1,"featured_media":52,"parent":0,"menu_order":0,"comment_status":"closed","ping_status":"closed","template":"","meta":{"_uag_custom_page_level_css":"","site-sidebar-layout":"default","site-content-layout":"","ast-site-content-layout":"default","site-content-style":"default","site-sidebar-style":"default","ast-global-header-display":"","ast-banner-title-visibility":"","ast-main-header-display":"","ast-hfb-above-header-display":"","ast-hfb-below-header-display":"","ast-hfb-mobile-header-display":"","site-post-title":"disabled","ast-breadcrumbs-content":"","ast-featured-img":"","footer-sml-layout":"","theme-transparent-header-meta":"","adv-header-id-meta":"","stick-header-meta":"","header-above-stick-meta":"","header-main-stick-meta":"","header-below-stick-meta":"","astra-migrate-meta-layouts":"default","ast-page-background-enabled":"default","ast-page-background-meta":{"desktop":{"background-color":"var(--ast-global-color-5)","background-image":"","background-repeat":"repeat","background-position":"center center","background-size":"auto","background-attachment":"scroll","background-type":"","background-media":"","overlay-type":"","overlay-color":"","overlay-opacity":"","overlay-gradient":""},"tablet":{"background-color":"","background-image":"","background-repeat":"repeat","background-position":"center center","background-size":"auto","background-attachment":"scroll","background-type":"","background-media":"","overlay-type":"","overlay-color":"","overlay-opacity":"","overlay-gradient":""},"mobile":{"background-color":"","background-image":"","background-repeat":"repeat","background-position":"center center","background-size":"auto","background-attachment":"scroll","background-type":"","background-media":"","overlay-type":"","overlay-color":"","overlay-opacity":"","overlay-gradient":""}},"ast-content-background-meta":{"desktop":{"background-color":"var(--ast-global-color-4)","background-image":"","background-repeat":"repeat","background-position":"center center","background-size":"auto","background-attachment":"scroll","background-type":"","background-media":"","overlay-type":"","overlay-color":"","overlay-opacity":"","overlay-gradient":""},"tablet":{"background-color":"var(--ast-global-color-4)","background-image":"","background-repeat":"repeat","background-position":"center center","background-size":"auto","background-attachment":"scroll","background-type":"","background-media":"","overlay-type":"","overlay-color":"","overlay-opacity":"","overlay-gradient":""},"mobile":{"background-color":"var(--ast-global-color-4)","background-image":"","background-repeat":"repeat","background-position":"center center","background-size":"auto","background-attachment":"scroll","background-type":"","background-media":"","overlay-type":"","overlay-color":"","overlay-opacity":"","overlay-gradient":""}},"footnotes":""},"class_list":["post-14","page","type-page","status-publish","has-post-thumbnail","hentry"],"uagb_featured_image_src":{"full":["https:\/\/d-emhl.nathorst.net\/wp-content\/uploads\/2025\/07\/1.jpg",1280,720,false],"thumbnail":["https:\/\/d-emhl.nathorst.net\/wp-content\/uploads\/2025\/07\/1-150x150.jpg",150,150,true],"medium":["https:\/\/d-emhl.nathorst.net\/wp-content\/uploads\/2025\/07\/1-300x169.jpg",300,169,true],"medium_large":["https:\/\/d-emhl.nathorst.net\/wp-content\/uploads\/2025\/07\/1-768x432.jpg",768,432,true],"large":["https:\/\/d-emhl.nathorst.net\/wp-content\/uploads\/2025\/07\/1-1024x576.jpg",1024,576,true],"1536x1536":["https:\/\/d-emhl.nathorst.net\/wp-content\/uploads\/2025\/07\/1.jpg",1280,720,false],"2048x2048":["https:\/\/d-emhl.nathorst.net\/wp-content\/uploads\/2025\/07\/1.jpg",1280,720,false]},"uagb_author_info":{"display_name":"commander114","author_link":"https:\/\/d-emhl.nathorst.net\/?author=1"},"uagb_comment_info":0,"uagb_excerpt":"Welcome! About the aircraft D-EMHL is a Rockwell Commander 114 built in 1977 with airframe number 78413386 and engine number [&hellip;]","jetpack_sharing_enabled":true,"_links":{"self":[{"href":"https:\/\/d-emhl.nathorst.net\/index.php?rest_route=\/wp\/v2\/pages\/14","targetHints":{"allow":["GET"]}}],"collection":[{"href":"https:\/\/d-emhl.nathorst.net\/index.php?rest_route=\/wp\/v2\/pages"}],"about":[{"href":"https:\/\/d-emhl.nathorst.net\/index.php?rest_route=\/wp\/v2\/types\/page"}],"author":[{"embeddable":true,"href":"https:\/\/d-emhl.nathorst.net\/index.php?rest_route=\/wp\/v2\/users\/1"}],"replies":[{"embeddable":true,"href":"https:\/\/d-emhl.nathorst.net\/index.php?rest_route=%2Fwp%2Fv2%2Fcomments&post=14"}],"version-history":[{"count":53,"href":"https:\/\/d-emhl.nathorst.net\/index.php?rest_route=\/wp\/v2\/pages\/14\/revisions"}],"predecessor-version":[{"id":254,"href":"https:\/\/d-emhl.nathorst.net\/index.php?rest_route=\/wp\/v2\/pages\/14\/revisions\/254"}],"wp:featuredmedia":[{"embeddable":true,"href":"https:\/\/d-emhl.nathorst.net\/index.php?rest_route=\/wp\/v2\/media\/52"}],"wp:attachment":[{"href":"https:\/\/d-emhl.nathorst.net\/index.php?rest_route=%2Fwp%2Fv2%2Fmedia&parent=14"}],"curies":[{"name":"wp","href":"https:\/\/api.w.org\/{rel}","templated":true}]}}